
{"id":2282,"date":"2025-06-15T16:35:23","date_gmt":"2025-06-15T14:35:23","guid":{"rendered":"https:\/\/www.rsrbike.fr\/?page_id=2282"},"modified":"2026-04-09T15:54:27","modified_gmt":"2026-04-09T13:54:27","slug":"tarifs","status":"publish","type":"page","link":"https:\/\/velo-electrique-location.fr\/index.php\/tarifs\/","title":{"rendered":"Tarifs"},"content":{"rendered":"<div class=\"wpb-content-wrapper\">[vc_row full_width=\u00a0\u00bbstretch_row\u00a0\u00bb bg_cws_repeat=\u00a0\u00bbno-repeat\u00a0\u00bb bg_cws_size=\u00a0\u00bbcontain\u00a0\u00bb bg_image_position=\u00a0\u00bbcenter_center\u00a0\u00bb css=\u00a0\u00bb.vc_custom_1537872215431{background-image: url(https:\/\/www.rsrbike.fr\/wp-content\/uploads\/2018\/09\/pricing_table_full-hd.png?id=490) !important;}\u00a0\u00bb][vc_column]<div class=\"cws_spacing cws_spacing_size_sm_desctop-on cws_spacing_tablet-on cws_spacing_mobile-on\"><div class=\"cws_spacing cws_spacing_default\" style=\"height:90px;\"><\/div> <div class=\"cws_spacing cws_spacing_size_sm_desctop\" style=\"height:90px;\"><\/div> <div class=\"cws_spacing cws_spacing_tablet\" style=\"height:50px;\"><\/div> <div class=\"cws_spacing cws_spacing_mobile\" style=\"height:50px;\"><\/div><\/div><div class='cws_textmodule cws_vc_shortcode_module' id='cws_textmodule_69ddd3d5d395b'><div class='cws_textmodule_wrapper'><div class='cws_textmodule_text text_align_center'><div class='cws_textmodule_titles'><div class='cws_textmodule_subtitle_wrapper with_decor'><span class='subtitle-dots left'><\/span><span class='subtitile_left_line'><\/span><h4 class='cws_textmodule_subtitle'>*****<\/h4><span class='subtitile_right_line'><\/span><span class='subtitle-dots right'><\/span><\/div><h2 class='cws_textmodule_title large'>NOS TARIFS<\/h2><\/div><\/div><\/div><\/div><div class=\"cws_spacing cws_spacing_size_sm_desctop-on cws_spacing_tablet-on cws_spacing_mobile-on\"><div class=\"cws_spacing cws_spacing_default\" style=\"height:30px;\"><\/div> <div class=\"cws_spacing cws_spacing_size_sm_desctop\" style=\"height:30px;\"><\/div> <div class=\"cws_spacing cws_spacing_tablet\" style=\"height:0px;\"><\/div> <div class=\"cws_spacing cws_spacing_mobile\" style=\"height:0px;\"><\/div><\/div><div class=\"cws_spacing cws_spacing_size_sm_desctop-on cws_spacing_tablet-on cws_spacing_mobile-on\"><div class=\"cws_spacing cws_spacing_default\" style=\"height:50px;\"><\/div> <div class=\"cws_spacing cws_spacing_size_sm_desctop\" style=\"height:140px;\"><\/div> <div class=\"cws_spacing cws_spacing_tablet\" style=\"height:70px;\"><\/div> <div class=\"cws_spacing cws_spacing_mobile\" style=\"height:50px;\"><\/div><\/div>[vc_row_inner content_placement=\u00a0\u00bbmiddle\u00a0\u00bb css=\u00a0\u00bb.vc_custom_1749998884896{border-color: #CD222200 !important;}\u00a0\u00bb][vc_column_inner]<div class='cws_textmodule cws_vc_shortcode_module' id='cws_textmodule_69ddd3d5d3ac6'><div class='cws_textmodule_wrapper'><div class='cws_textmodule_text no_infinite full_width_banner tablet_center mobile_center text_align_right'><div class='cws_textmodule_titles'><\/div><div class='cws_textmodule_banner right'>\n\t\t\t\t\t\t\t\t\t<svg class=\"left-shape\" width=\"78\" height=\"52\">\n\t\t\t\t\t\t\t\t\t\t<defs>\n\t\t\t\t\t\t\t\t\t\t  <pattern id=\"banner_left_shape_69ddd3d5d3ad6\" patternUnits=\"objectBoundingBox\" width=\"100%\" height=\"100%\">\n\t\t\t\t\t\t\t\t\t\t  \t<rect class=\"rect-pattern\" x=\"0\" y=\"0\" width=\"100%\" height=\"100%\" stroke-width=\"0\" \/>\n\t\t\t\t\t\t\t\t\t\t    <image href=\"https:\/\/velo-electrique-location.fr\/wp-content\/themes\/vintclub\/img\/patterns\/shape_pattern.png\" x=\"0\" y=\"0\" width=\"100%\" height=\"100%\" \/>\n\t\t\t\t\t\t\t\t\t\t    <rect x=\"0\" y=\"0\" width=\"100%\" height=\"100%\" stroke-width=\"0\" fill=\"rgba(0,0,0,.15)\" \/>\n\t\t\t\t\t\t\t\t\t\t  <\/pattern>\n\t\t\t\t\t\t\t\t\t\t<\/defs>\n\n\t\t\t\t\t\t\t\t\t\t<path id=\"banner_left_shape_69ddd3d5d3ad6_path\" d=\"M0.7,0.2l12,25.9L0.7,51.5l76.9,0.1l0.1-51.2C77.6,0.4,0.7,0.2,0.7,0.2z\" fill=\"url(#banner_left_shape_69ddd3d5d3ad6)\" \/>\n\t\t\t\t\t\t\t\t\t<\/svg>\n\t\t\t\t\t\t\t\tTarifs locations fatBike\n\t\t\t\t\t\t\t\t\t<svg class=\"right-shape\" width=\"78\" height=\"52\">\n\t\t\t\t\t\t\t\t\t\t<defs>\n\t\t\t\t\t\t\t\t\t\t  <pattern id=\"banner_right_shape_69ddd3d5d3ad7\" patternUnits=\"userSpaceOnUse\" width=\"100%\" height=\"100%\">\n\t\t\t\t\t\t\t\t\t\t  \t<rect class=\"rect-pattern\" x=\"0\" y=\"0\" width=\"100%\" height=\"100%\" stroke-width=\"0\" \/>\n\t\t\t\t\t\t\t\t\t\t    <image href=\"https:\/\/velo-electrique-location.fr\/wp-content\/themes\/vintclub\/img\/patterns\/shape_pattern.png\" x=\"0\" y=\"0\" width=\"100%\" height=\"100%\" \/>\n\t\t\t\t\t\t\t\t\t\t    <rect x=\"0\" y=\"0\" width=\"100%\" height=\"100%\" stroke-width=\"0\" fill=\"rgba(0,0,0,.15)\" \/>\n\t\t\t\t\t\t\t\t\t\t  <\/pattern>\n\t\t\t\t\t\t\t\t\t\t<\/defs>\n\n\t\t\t\t\t\t\t\t\t\t<path id=\"banner_right_shape_69ddd3d5d3ad7_path\" d=\"M0,0.4L0,51.6l76.9-0.1L64.9,26.1l12-25.9C76.8,0.2,0,0.4,0,0.4z\" fill=\"url(#banner_right_shape_69ddd3d5d3ad7)\" \/>\n\t\t\t\t\t\t\t\t\t<\/svg>\n\t\t\t\t\t\t\t\t<\/div><div class='cws_textmodule_content'><div class='text_content_wrapper'><p>Tarifs avec casque standard compris<\/p>\n<\/div><\/div><\/div><\/div><\/div>[vc_column_text css=\u00a0\u00bb\u00a0\u00bb]\n<table width=\"1200\">\n<tbody>\n<tr>\n<td width=\"550\"><strong>TARIFS LOCATION FATBIKE<\/strong><\/td>\n<td style=\"text-align: right;\" width=\"250\"><strong>1 PERSONNE<\/strong><\/td>\n<td style=\"text-align: right;\" width=\"250\"><strong>2 PERSONNES<\/strong><\/td>\n<td style=\"text-align: right;\" width=\"150\"><strong>Remise<\/strong><\/td>\n<\/tr>\n<tr>\n<td><strong>Tarifs 1\/2 journ\u00e9e<\/strong><\/td>\n<td style=\"text-align: right;\">\u00a0 35,00\u00a0 \u20ac<\/td>\n<td style=\"text-align: right;\">\u00a0 55,00\u00a0 \u20ac<\/td>\n<td><\/td>\n<\/tr>\n<tr>\n<td><strong>Tarifs jour<\/strong><\/td>\n<td style=\"text-align: right;\">\u00a0 65,00\u00a0 \u20ac<\/td>\n<td style=\"text-align: right;\">\u00a0 95,00\u00a0 \u20ac<\/td>\n<td><\/td>\n<\/tr>\n<tr>\n<td><strong>Tarifs nuit<\/strong><\/td>\n<td style=\"text-align: right;\">\u00a045,00\u00a0 \u20ac<\/td>\n<td style=\"text-align: right;\">\u00a0 75,00\u00a0 \u20ac<\/td>\n<td><\/td>\n<\/tr>\n<tr>\n<td><strong>Tarifs 2 jours (24h\/48h)<\/strong><\/td>\n<td style=\"text-align: right;\">125,00\u00a0 \u20ac<\/td>\n<td style=\"text-align: right;\">185,00\u00a0 \u20ac<\/td>\n<td><\/td>\n<\/tr>\n<tr>\n<td><strong>Tarifs 3 jours (48h\/72h)<\/strong><\/td>\n<td style=\"text-align: right;\">175,00\u00a0 \u20ac<\/td>\n<td style=\"text-align: right;\">265,00\u00a0 \u20ac<\/td>\n<td style=\"text-align: right;\">-10%<\/td>\n<\/tr>\n<tr>\n<td><strong>Tarifs 4 jours (72h\/96h)<\/strong><\/td>\n<td style=\"text-align: right;\">220,00\u00a0 \u20ac<\/td>\n<td style=\"text-align: right;\">330,00\u00a0 \u20ac<\/td>\n<td style=\"text-align: right;\">-15%<\/td>\n<\/tr>\n<tr>\n<td><strong>Tarifs 5 jours (96h\/120h)<\/strong><\/td>\n<td style=\"text-align: right;\">260,00\u00a0 \u20ac<\/td>\n<td style=\"text-align: right;\">390,00\u00a0 \u20ac<\/td>\n<td style=\"text-align: right;\">-20%<\/td>\n<\/tr>\n<tr>\n<td><strong>Tarifs 6 jours (120h\/144h)<\/strong><\/td>\n<td style=\"text-align: right;\">290,00\u00a0 \u20ac<\/td>\n<td style=\"text-align: right;\">435,00\u00a0 \u20ac<\/td>\n<td style=\"text-align: right;\">-25%<\/td>\n<\/tr>\n<tr>\n<td><strong>Tarifs Semaine (7 jours)<\/strong><\/td>\n<td style=\"text-align: right;\">340,00\u00a0 \u20ac<\/td>\n<td style=\"text-align: right;\">510,00\u00a0 \u20ac<\/td>\n<td style=\"text-align: right;\">-25%<\/td>\n<\/tr>\n<tr>\n<td><strong>Tarifs 1h<\/strong><\/td>\n<td style=\"text-align: right;\">15,00\u00a0 \u20ac<\/td>\n<td style=\"text-align: right;\">20,00\u00a0 \u20ac<\/td>\n<td style=\"text-align: right;\"><\/td>\n<\/tr>\n<tr>\n<td><strong>Tarifs batterie recharg\u00e9e<\/strong><\/td>\n<td style=\"text-align: right;\">\u00a05,00\u00a0 \u20ac<\/td>\n<td style=\"text-align: right;\">\u00a0 10,00\u00a0 \u20ac<\/td>\n<td><\/td>\n<\/tr>\n<tr>\n<td><strong>Tarifs remorque enfants<\/strong><\/td>\n<td style=\"text-align: right;\">\u00a015,00\u00a0 \u20ac<\/td>\n<td style=\"text-align: right;\"><\/td>\n<td><\/td>\n<\/tr>\n<\/tbody>\n<\/table>\n[\/vc_column_text]<div class=\"cws_spacing cws_spacing_size_sm_desctop-on cws_spacing_tablet-on cws_spacing_mobile-on\"><div class=\"cws_spacing cws_spacing_default\" style=\"height:140px;\"><\/div> <div class=\"cws_spacing cws_spacing_size_sm_desctop\" style=\"height:140px;\"><\/div> <div class=\"cws_spacing cws_spacing_tablet\" style=\"height:70px;\"><\/div> <div class=\"cws_spacing cws_spacing_mobile\" style=\"height:50px;\"><\/div><\/div>[\/vc_column_inner][\/vc_row_inner][vc_column_inner css=\u00a0\u00bb.vc_custom_1775226459167{margin-bottom: 50px !important;}\u00a0\u00bb][vc_column_text css=\u00a0\u00bb.vc_custom_1775227009078{margin-top: 20px !important;margin-bottom: 20px !important;}\u00a0\u00bb]Location de v\u00e9los \u00e9lectriques Fatbike sur le Golfe de Saint-Tropez, \u00e0 partir de notre boutique de Grimaud pour visiter Port-Grimaud, Sainte-Maxime, Saint-Tropez, Ramatuelle, Cogolin, La Foux, La Croix-Valmer, Gassin et les plages de Pampelone, de Tahiti, de l\u2019Escalet ou de la Nartelle.[\/vc_column_text][\/vc_column_inner][\/vc_column][\/vc_row]\n<\/div>","protected":false},"excerpt":{"rendered":"<p>[vc_row full_width=\u00a0\u00bbstretch_row\u00a0\u00bb bg_cws_repeat=\u00a0\u00bbno-repeat\u00a0\u00bb bg_cws_size=\u00a0\u00bbcontain\u00a0\u00bb bg_image_position=\u00a0\u00bbcenter_center\u00a0\u00bb css=\u00a0\u00bb.vc_custom_1537872215431{background-image: url(https:\/\/www.rsrbike.fr\/wp-content\/uploads\/2018\/09\/pricing_table_full-hd.png?id=490) !important;}\u00a0\u00bb][vc_column][vc_row_inner content_placement=\u00a0\u00bbmiddle\u00a0\u00bb css=\u00a0\u00bb.vc_custom_1749998884896{border-color: #CD222200 !important;}\u00a0\u00bb][vc_column_inner][vc_column_text css=\u00a0\u00bb\u00a0\u00bb] TARIFS LOCATION FATBIKE 1 PERSONNE 2 PERSONNES Remise Tarifs 1\/2 journ\u00e9e \u00a0 35,00\u00a0 \u20ac \u00a0 55,00\u00a0 \u20ac Tarifs jour \u00a0 65,00\u00a0 \u20ac \u00a0 95,00\u00a0 \u20ac Tarifs nuit \u00a045,00\u00a0 \u20ac \u00a0 75,00\u00a0 \u20ac Tarifs 2 jours (24h\/48h) 125,00\u00a0 \u20ac 185,00\u00a0 \u20ac Tarifs 3 jours (48h\/72h) 175,00\u00a0 \u20ac 265,00\u00a0 \u20ac -10% Tarifs 4 jours (72h\/96h) 220,00\u00a0 \u20ac 330,00\u00a0 \u20ac -15% Tarifs 5 jours (96h\/120h) 260,00\u00a0 \u20ac 390,00\u00a0 \u20ac -20% Tarifs 6 jours (120h\/144h) 290,00\u00a0 \u20ac 435,00\u00a0 \u20ac -25% Tarifs Semaine (7 jours) 340,00\u00a0 \u20ac 510,00\u00a0 \u20ac -25% Tarifs 1h 15,00\u00a0 \u20ac 20,00\u00a0 \u20ac Tarifs batterie recharg\u00e9e \u00a05,00\u00a0 \u20ac \u00a0 10,00\u00a0 \u20ac Tarifs remorque enfants \u00a015,00\u00a0 \u20ac [\/vc_column_text][\/vc_column_inner][\/vc_row_inner][vc_column_inner css=\u00a0\u00bb.vc_custom_1775226459167{margin-bottom: 50px !important;}\u00a0\u00bb][vc_column_text css=\u00a0\u00bb.vc_custom_1775227009078{margin-top: 20px !important;margin-bottom: 20px !important;}\u00a0\u00bb]Location de v\u00e9los \u00e9lectriques Fatbike sur le Golfe de Saint-Tropez, \u00e0 partir de notre boutique de Grimaud pour visiter Port-Grimaud, Sainte-Maxime, Saint-Tropez, Ramatuelle, Cogolin, La Foux, La Croix-Valmer, Gassin et les plages de Pampelone, de Tahiti, de l\u2019Escalet ou de la Nartelle.[\/vc_column_text][\/vc_column_inner][\/vc_column][\/vc_row]<\/p>\n","protected":false},"author":1,"featured_media":0,"parent":0,"menu_order":0,"comment_status":"closed","ping_status":"closed","template":"","meta":{"footnotes":""},"class_list":["post-2282","page","type-page","status-publish","hentry"],"yoast_head":"<!-- This site is optimized with the Yoast SEO plugin v27.3 - https:\/\/yoast.com\/product\/yoast-seo-wordpress\/ -->\n<title>Tarifs location v\u00e9lo \u00e9lectrique Grimaud Saint-Tropez<\/title>\n<meta name=\"description\" content=\"D\u00e9couvrez les tarifs de location Fatbike \u00e9lectrique \u00e0 Saint-Tropez, Grimaud, Sainte-Maxime. Prix \u00e0 l\u2019heure, journ\u00e9e ou semaine avec RSR Bike\" \/>\n<meta name=\"robots\" content=\"index, follow, max-snippet:-1, max-image-preview:large, max-video-preview:-1\" \/>\n<link rel=\"canonical\" href=\"https:\/\/velo-electrique-location.fr\/index.php\/tarifs\/\" \/>\n<meta property=\"og:locale\" content=\"fr_FR\" \/>\n<meta property=\"og:type\" content=\"article\" \/>\n<meta property=\"og:title\" content=\"Tarifs location v\u00e9lo \u00e9lectrique Grimaud Saint-Tropez\" \/>\n<meta property=\"og:description\" content=\"D\u00e9couvrez les tarifs de location Fatbike \u00e9lectrique \u00e0 Saint-Tropez, Grimaud, Sainte-Maxime. Prix \u00e0 l\u2019heure, journ\u00e9e ou semaine avec RSR Bike\" \/>\n<meta property=\"og:url\" content=\"https:\/\/velo-electrique-location.fr\/index.php\/tarifs\/\" \/>\n<meta property=\"og:site_name\" content=\"RSR Bike\" \/>\n<meta property=\"article:modified_time\" content=\"2026-04-09T13:54:27+00:00\" \/>\n<meta name=\"twitter:card\" content=\"summary_large_image\" \/>\n<meta name=\"twitter:label1\" content=\"Dur\u00e9e de lecture estim\u00e9e\" \/>\n\t<meta name=\"twitter:data1\" content=\"2 minutes\" \/>\n<script type=\"application\/ld+json\" class=\"yoast-schema-graph\">{\"@context\":\"https:\\\/\\\/schema.org\",\"@graph\":[{\"@type\":\"WebPage\",\"@id\":\"https:\\\/\\\/velo-electrique-location.fr\\\/index.php\\\/tarifs\\\/\",\"url\":\"https:\\\/\\\/velo-electrique-location.fr\\\/index.php\\\/tarifs\\\/\",\"name\":\"Tarifs location v\u00e9lo \u00e9lectrique Grimaud Saint-Tropez\",\"isPartOf\":{\"@id\":\"https:\\\/\\\/velo-electrique-location.fr\\\/#website\"},\"datePublished\":\"2025-06-15T14:35:23+00:00\",\"dateModified\":\"2026-04-09T13:54:27+00:00\",\"description\":\"D\u00e9couvrez les tarifs de location Fatbike \u00e9lectrique \u00e0 Saint-Tropez, Grimaud, Sainte-Maxime. Prix \u00e0 l\u2019heure, journ\u00e9e ou semaine avec RSR Bike\",\"breadcrumb\":{\"@id\":\"https:\\\/\\\/velo-electrique-location.fr\\\/index.php\\\/tarifs\\\/#breadcrumb\"},\"inLanguage\":\"fr-FR\",\"potentialAction\":[{\"@type\":\"ReadAction\",\"target\":[\"https:\\\/\\\/velo-electrique-location.fr\\\/index.php\\\/tarifs\\\/\"]}]},{\"@type\":\"BreadcrumbList\",\"@id\":\"https:\\\/\\\/velo-electrique-location.fr\\\/index.php\\\/tarifs\\\/#breadcrumb\",\"itemListElement\":[{\"@type\":\"ListItem\",\"position\":1,\"name\":\"Accueil\",\"item\":\"https:\\\/\\\/velo-electrique-location.fr\\\/\"},{\"@type\":\"ListItem\",\"position\":2,\"name\":\"Tarifs\"}]},{\"@type\":\"WebSite\",\"@id\":\"https:\\\/\\\/velo-electrique-location.fr\\\/#website\",\"url\":\"https:\\\/\\\/velo-electrique-location.fr\\\/\",\"name\":\"RSR Bike\",\"description\":\"Location de v\u00e9lo \u00e9lectrique Saint-Tropez Grimaud Sainte-Maxime Cogolin Cavalaire Gassin La Croix-Valmer\",\"publisher\":{\"@id\":\"https:\\\/\\\/velo-electrique-location.fr\\\/#organization\"},\"potentialAction\":[{\"@type\":\"SearchAction\",\"target\":{\"@type\":\"EntryPoint\",\"urlTemplate\":\"https:\\\/\\\/velo-electrique-location.fr\\\/?s={search_term_string}\"},\"query-input\":{\"@type\":\"PropertyValueSpecification\",\"valueRequired\":true,\"valueName\":\"search_term_string\"}}],\"inLanguage\":\"fr-FR\"},{\"@type\":\"Organization\",\"@id\":\"https:\\\/\\\/velo-electrique-location.fr\\\/#organization\",\"name\":\"RSR Bike\",\"url\":\"https:\\\/\\\/velo-electrique-location.fr\\\/\",\"logo\":{\"@type\":\"ImageObject\",\"inLanguage\":\"fr-FR\",\"@id\":\"https:\\\/\\\/velo-electrique-location.fr\\\/#\\\/schema\\\/logo\\\/image\\\/\",\"url\":\"https:\\\/\\\/rsrbike.epartenaire.com\\\/wp-content\\\/uploads\\\/2025\\\/07\\\/11.jpg\",\"contentUrl\":\"https:\\\/\\\/rsrbike.epartenaire.com\\\/wp-content\\\/uploads\\\/2025\\\/07\\\/11.jpg\",\"width\":1920,\"height\":1080,\"caption\":\"RSR Bike\"},\"image\":{\"@id\":\"https:\\\/\\\/velo-electrique-location.fr\\\/#\\\/schema\\\/logo\\\/image\\\/\"}}]}<\/script>\n<!-- \/ Yoast SEO plugin. -->","yoast_head_json":{"title":"Tarifs location v\u00e9lo \u00e9lectrique Grimaud Saint-Tropez","description":"D\u00e9couvrez les tarifs de location Fatbike \u00e9lectrique \u00e0 Saint-Tropez, Grimaud, Sainte-Maxime. Prix \u00e0 l\u2019heure, journ\u00e9e ou semaine avec RSR Bike","robots":{"index":"index","follow":"follow","max-snippet":"max-snippet:-1","max-image-preview":"max-image-preview:large","max-video-preview":"max-video-preview:-1"},"canonical":"https:\/\/velo-electrique-location.fr\/index.php\/tarifs\/","og_locale":"fr_FR","og_type":"article","og_title":"Tarifs location v\u00e9lo \u00e9lectrique Grimaud Saint-Tropez","og_description":"D\u00e9couvrez les tarifs de location Fatbike \u00e9lectrique \u00e0 Saint-Tropez, Grimaud, Sainte-Maxime. Prix \u00e0 l\u2019heure, journ\u00e9e ou semaine avec RSR Bike","og_url":"https:\/\/velo-electrique-location.fr\/index.php\/tarifs\/","og_site_name":"RSR Bike","article_modified_time":"2026-04-09T13:54:27+00:00","twitter_card":"summary_large_image","twitter_misc":{"Dur\u00e9e de lecture estim\u00e9e":"2 minutes"},"schema":{"@context":"https:\/\/schema.org","@graph":[{"@type":"WebPage","@id":"https:\/\/velo-electrique-location.fr\/index.php\/tarifs\/","url":"https:\/\/velo-electrique-location.fr\/index.php\/tarifs\/","name":"Tarifs location v\u00e9lo \u00e9lectrique Grimaud Saint-Tropez","isPartOf":{"@id":"https:\/\/velo-electrique-location.fr\/#website"},"datePublished":"2025-06-15T14:35:23+00:00","dateModified":"2026-04-09T13:54:27+00:00","description":"D\u00e9couvrez les tarifs de location Fatbike \u00e9lectrique \u00e0 Saint-Tropez, Grimaud, Sainte-Maxime. Prix \u00e0 l\u2019heure, journ\u00e9e ou semaine avec RSR Bike","breadcrumb":{"@id":"https:\/\/velo-electrique-location.fr\/index.php\/tarifs\/#breadcrumb"},"inLanguage":"fr-FR","potentialAction":[{"@type":"ReadAction","target":["https:\/\/velo-electrique-location.fr\/index.php\/tarifs\/"]}]},{"@type":"BreadcrumbList","@id":"https:\/\/velo-electrique-location.fr\/index.php\/tarifs\/#breadcrumb","itemListElement":[{"@type":"ListItem","position":1,"name":"Accueil","item":"https:\/\/velo-electrique-location.fr\/"},{"@type":"ListItem","position":2,"name":"Tarifs"}]},{"@type":"WebSite","@id":"https:\/\/velo-electrique-location.fr\/#website","url":"https:\/\/velo-electrique-location.fr\/","name":"RSR Bike","description":"Location de v\u00e9lo \u00e9lectrique Saint-Tropez Grimaud Sainte-Maxime Cogolin Cavalaire Gassin La Croix-Valmer","publisher":{"@id":"https:\/\/velo-electrique-location.fr\/#organization"},"potentialAction":[{"@type":"SearchAction","target":{"@type":"EntryPoint","urlTemplate":"https:\/\/velo-electrique-location.fr\/?s={search_term_string}"},"query-input":{"@type":"PropertyValueSpecification","valueRequired":true,"valueName":"search_term_string"}}],"inLanguage":"fr-FR"},{"@type":"Organization","@id":"https:\/\/velo-electrique-location.fr\/#organization","name":"RSR Bike","url":"https:\/\/velo-electrique-location.fr\/","logo":{"@type":"ImageObject","inLanguage":"fr-FR","@id":"https:\/\/velo-electrique-location.fr\/#\/schema\/logo\/image\/","url":"https:\/\/rsrbike.epartenaire.com\/wp-content\/uploads\/2025\/07\/11.jpg","contentUrl":"https:\/\/rsrbike.epartenaire.com\/wp-content\/uploads\/2025\/07\/11.jpg","width":1920,"height":1080,"caption":"RSR Bike"},"image":{"@id":"https:\/\/velo-electrique-location.fr\/#\/schema\/logo\/image\/"}}]}},"_links":{"self":[{"href":"https:\/\/velo-electrique-location.fr\/index.php\/wp-json\/wp\/v2\/pages\/2282","targetHints":{"allow":["GET"]}}],"collection":[{"href":"https:\/\/velo-electrique-location.fr\/index.php\/wp-json\/wp\/v2\/pages"}],"about":[{"href":"https:\/\/velo-electrique-location.fr\/index.php\/wp-json\/wp\/v2\/types\/page"}],"author":[{"embeddable":true,"href":"https:\/\/velo-electrique-location.fr\/index.php\/wp-json\/wp\/v2\/users\/1"}],"replies":[{"embeddable":true,"href":"https:\/\/velo-electrique-location.fr\/index.php\/wp-json\/wp\/v2\/comments?post=2282"}],"version-history":[{"count":59,"href":"https:\/\/velo-electrique-location.fr\/index.php\/wp-json\/wp\/v2\/pages\/2282\/revisions"}],"predecessor-version":[{"id":2575,"href":"https:\/\/velo-electrique-location.fr\/index.php\/wp-json\/wp\/v2\/pages\/2282\/revisions\/2575"}],"wp:attachment":[{"href":"https:\/\/velo-electrique-location.fr\/index.php\/wp-json\/wp\/v2\/media?parent=2282"}],"curies":[{"name":"wp","href":"https:\/\/api.w.org\/{rel}","templated":true}]}}